Convert -6 (base 7) to base 14.
-6
What is -6 (base 12) in base 3?
-20
What is 1321 (base 4) in base 16?
79
-12 (base 11) to base 10
-13
1222 (base 3) to base 8
65
Convert 10110010 (base 2) to base 13.
109
Convert -23 (base 10) to base 6.
-35
Convert -2 (base 6) to base 15.
-2
-5 (base 6) to base 2
-101
What is -149 (base 14) in base 7?
-522
What is -100 (base 3) in base 10?
-9
Convert -30 (base 4) to base 15.
-c
What is 2d (base 14) in base 11?
38
17 (base 10) to base 9
18
66 (base 8) to base 4
312
What is -1 (base 13) in base 15?
-1
What is 18 (base 12) in base 8?
24
What is 14 (base 5) in base 3?
100
Convert 26 (base 7) to base 12.
18
What is 415 (base 7) in base 8?
320
-c (base 16) to base 11
-11
Convert 102 (base 3) to base 15.
b
What is 37 (base 11) in base 7?
55
Convert -2 (base 16) to base 12.
-2
-13 (base 10) to base 7
-16
1 (base 14) to base 3
1
Convert 3 (base 10) to base 14.
3
Convert 3 (base 4) to base 15.
3
10 (base 2) to base 7
2
-2 (base 8) to base 10
-2
Convert 1010110 (base 2) to base 3.
10012
Convert 6 (base 11) to base 2.
110
110 (base 2) to base 16
6
-60 (base 8) to base 16
-30
Convert -1 (base 14) to base 2.
-1
Convert -3c (base 13) to base 8.
-63
9 (base 10) to base 2
1001
Convert -162 (base 8) to base 6.
-310
Convert -164 (base 12) to base 4.
-3130
Convert -30 (base 6) to base 10.
-18
Convert 2 (base 14) to base 8.
2
Convert -4 (base 8) to base 3.
-11
What is 20 (base 8) in base 10?
16
What is -2 (base 13) in base 14?
-2
What is -1 (base 9) in base 2?
-1
What is 17 (base 14) in base 13?
18
Convert 522 (base 6) to base 10.
194
What is -100 (base 2) in base 4?
-10
-4 (base 13) to base 4
-10
Convert 20 (base 3) to base 11.
6
-65 (base 7) to base 11
-43
28 (base 9) to base 8
32
2 (base 8) to base 9
2
113 (base 7) to base 3
2012
-157 (base 12) to base 4
-3103
-6 (base 16) to base 3
-20
4 (base 9) to base 16
4
What is 23 (base 12) in base 15?
1c
-4 (base 12) to base 9
-4
61 (base 13) to base 12
67
-13 (base 8) to base 4
-23
-4 (base 15) to base 9
-4
What is 86 (base 9) in base 3?
2220
What is 2 (base 12) in base 7?
2
8 (base 12) to base 8
10
What is -3 (base 15) in base 13?
-3
Convert 12 (base 7) to base 11.
9
Convert 10001 (base 2) to base 10.
17
What is 2212 (base 3) in base 10?
77
What is -3 (base 4) in base 9?
-3
15 (base 13) to base 14
14
1 (base 6) to base 2
1
What is -2 (base 13) in base 5?
-2
-cd (base 15) to base 8
-301
Convert 5f (base 16) to base 7.
164
What is -e (base 16) in base 8?
-16
What is 3 (base 7) in base 11?
3
What is -26 (base 8) in base 3?
-211
4 (base 16) to base 12
4
-13 (base 11) to base 3
-112
54 (base 10) to base 2
110110
-7 (base 9) to base 14
-7
Convert f (base 16) to base 12.
13
Convert 1 (base 5) to base 13.
1
What is -22 (base 12) in base 7?
-35
-1200 (base 3) to base 5
-140
-2 (base 14) to base 9
-2
-106 (base 7) to base 13
-43
Convert -1 (base 6) to base 12.
-1
What is -222 (base 10) in base 14?
-11c
What is -48 (base 13) in base 6?
-140
What is 1 (base 3) in base 7?
1
What is -31 (base 10) in base 16?
-1f
-1 (base 5) to base 3
-1
-101 (base 2) to base 15
-5
-8 (base 13) to base 14
-8
Convert 0 (base 11) to base 7.
0
1102 (base 3) to base 5
123
-3 (base 16) to base 11
-3
-31 (base 5) to base 12
-14
Convert aa (base 13) to base 4.
2030
What is -1010 (base 2) in base 9?
-11
Convert -d (base 16) to base 12.
-11
Convert -3 (base 15) to base 7.
-3
What is 26 (base 14) in base 2?
100010
What is -4 (base 11) in base 10?
-4
-4 (base 5) to base 13
-4
What is 111 (base 2) in base 9?
7
0 (base 13) to base 16
0
What is -6 (base 16) in base 5?
-11
-77 (base 14) to base 8
-151
Convert 5 (base 6) to base 15.
5
-77 (base 12) to base 5
-331
Convert 3 (base 4) to base 3.
10
What is 26 (base 7) in base 4?
110
Convert -20 (base 11) to base 6.
-34
What is 115 (base 6) in base 2?
101111
1 (base 4) to base 7
1
What is 1 (base 5) in base 3?
1
Convert 18 (base 15) to base 14.
19
-10101 (base 2) to base 4
-111
67 (base 16) to base 4
1213
1 (base 16) to base 5
1
What is -15 (base 8) in base 16?
-d
What is 4 (base 5) in base 7?
4
1 (base 14) to base 13
1
What is -1 (base 5) in base 15?
-1
Convert 353 (base 6) to base 3.
12020
Convert -100 (base 2) to base 4.
-10
6 (base 7) to base 4
12
Convert -1 (base 13) to base 10.
-1
What is -4 (base 7) in base 14?
-4
Convert -9b (base 16) to base 6.
-415
Convert 4 (base 10) to base 4.
10
Convert -21 (base 4) to base 6.
-13
Convert -1 (base 2) to base 15.
-1
What is -11 (base 16) in base 4?
-101
10 (base 3) to base 5
3
1 (base 8) to base 7
1
What is 64 (base 16) in base 3?
10201
1b (base 14) to base 5
100
Convert 11100001 (base 2) to base 15.
100
Convert -1b (base 16) to base 11.
-25
-110 (base 3) to base 14
-c
112 (base 8) to base 14
54
-8 (base 12) to base 13
-8
110001 (base 2) to base 7
100
Convert -4 (base 7) to base 10.
-4
240 (base 6) to base 12
80
What is 1 (base 4) in base 6?
1
Convert 108 (base 10) to base 9.
130
-4 (base 7) to base 13
-4
Convert -7 (base 16) to base 9.
-7
What is -16 (base 9) in base 12?
-13
Convert -12 (base 3) to base 13.
-5
Convert 7 (base 11) to base 7.
10
What is -2 (base 9) in base 4?
-2
What is 2111 (base 4) in base 6?
405
Convert -3 (base 14) to base 5.
-3
Convert 13 (base 12) to base 8.
17
Convert -3 (base 5) to base 7.
-3
Convert -2 (base 6) to base 7.
-2
What is 4 (base 8) in base 9?
4
5 (base 11) to base 14
5
Convert -51 (base 12) to base 16.
-3d
What is -1 (base 7) in base 3?
-1
What is 6 (base 13) in base 14?
6
What is -12100 (base 3) in base 16?
-90
Convert -80 (base 11) to base 9.
-107
What is -23 (base 4) in base 9?
-12
-52 (base 10) to base 9
-57
What is 0 (base 11) in base 4?
0
5 (base 9) to base 15
5
a (base 12) to base 9
11
What is 11 (base 2) in base 11?
3
-2 (base 8) to base 4
-2
What is 1 (base 7) in base 5?
1
Convert 2 (base 4) to base 2.
10
What is -15 (base 6) in base 8?
-13
1 (base 7) to base 14
1
-35 (base 10) to base 7
-50
-1321 (base 4) to base 11
-100
Convert -20 (base 16) to base 11.
-2a
-14 (base 13) to base 7
-23
What is 331 (base 8) in base 3?
22001
8b (base 14) to base 13
96
Convert -101 (base 3) to base 2.
-1010
-4 (base 15) to base 11
-4
What is -1000 (base 2) in base 12?
-8
-4 (base 8) to base 10
-4
1000000 (base 2) to base 7
121
Convert 122 (base 3) to base 14.
13
7 (base 15) to base 6
11
Convert 1 (base 15) to base 5.
1
What is 1 (base 12) in base 5?
1
Convert 1124 (base 5) to base 16.
a4
Convert 35 (base 7) to base 10.
26
What is 0 (base 4) in base 16?
0
What is -2 (base 9) in base 10?
-2
-143 (base 7) to base 6
-212
5 (base 7) to base 15
5
-33 (base 9) to base 15
-20
Convert -5 (base 11) to base 8.
-5
-14 (base 16) to base 8
-24
Convert 12 (base 12) to base 16.
e
What is -20 (base 16) in base 3?
-1012
Convert 1 (base 10) to base 8.
1
Convert 5 (base 14) to base 10.
5
Convert -8 (base 15) to base 3.
-22
Convert 1 (base 16) to base 3.
1
Convert -1001 (base 2) to base 13.
-9
What is 4 (base 16) in base 15?
4
What is -43 (base 5) in base 9?
-25
-2 (base 14) to base 8
-2
Convert -11 (base 4) to base 12.
-5
What is 201 (base 4) in base 3?
1020
402 (base 6) to base 2
10010010
11 (base 2) to base 5
3
Convert -c2 (base 14) to base 15.
-b5
-23 (base 5) to base 7
-16
Convert 12 (base 11) to base 16.
d
-44 (base 16) to base 12
-58
Convert -110100 (base 2) to base 10.
-52
What is 21 (base 7) in base 4?
33
Convert 7 (base 10) to base 12.
7
-20 (base 7) to base 11
-13
What is 80 (base 14) in base 6?
304
Convert -10120 (base 3) to base 16.
-60
What is 11 (base 2) in base 7?
3
-169 (base 10) to base 3
-20021
What is -150 (base 12) in base 15?
-d9
3 (base 9) to base 10
3
-63 (base 14) to base 12
-73
7 (base 11) to base 12
7
Convert -23 (base 10) to base 16.
-17
What is 7 (base 14) in base 15?
7
What is -2210 (base 3) in base 14?
-55
-6 (base 7) to base 16
-6
116 (base 9) to base 5
341
1010 (base 4) to base 15
48
What is 0 (base 16) in base 7?
0
What is 56 (base 9) in base 3?
1220
What is 11102 (base 3) in base 10?
119
110 (base 5) to base 4
132
Convert -11 (base 6) to base 3.
-21
What is 31 (base 6) in base 14?
15
16 (base 12) to base 3
200
What is 0 (base 6) in base 13?
0
Convert 105 (base 9) to base 13.
68
101111 (base 2) to base 10
47
What is 3 (base 14) in base 4?
3
Convert -123 (base 8) to base 4.
-1103
2 (base 7) to b